factor of 435 and 30769.
29
What is the greatest common factor of 2928 and 928?
16
Calculate the greatest common divisor of 407 and 26122.
37
What is the greatest common divisor of 145 and 7590?
5
Calculate the greatest common divisor of 27 and 1656.
9
Calculate the greatest common factor of 38365 and 305.
5
What is the greatest common factor of 17388 and 12348?
252
What is the greatest common divisor of 670 and 154435?
335
Calculate the greatest common divisor of 1167499 and 436.
109
What is the highest common factor of 52 and 147680?
52
What is the highest common factor of 32004 and 504?
252
Calculate the highest common factor of 68 and 1394.
34
What is the greatest common divisor of 1339 and 7519?
103
Calculate the greatest common divisor of 25 and 7460.
5
Calculate the highest common divisor of 32 and 600032.
32
Calculate the highest common factor of 105 and 97695.
15
Calculate the highest common divisor of 459198 and 6014.
194
Calculate the greatest common factor of 1339 and 559.
13
What is the greatest common factor of 2563192 and 94?
94
Calculate the highest common divisor of 2750090 and 1190.
1190
What is the greatest common factor of 628224 and 96?
96
What is the greatest common factor of 65 and 40560?
65
What is the highest common factor of 356 and 68174?
178
Calculate the greatest common factor of 1344 and 1008.
336
What is the highest common factor of 5511 and 9519?
501
Calculate the highest common divisor of 8961406 and 842.
842
Calculate the greatest common factor of 909375 and 1125.
375
Calculate the greatest common factor of 14 and 1757.
7
What is the greatest common factor of 44 and 55352?
44
Calculate the highest common factor of 6682 and 962.
26
Calculate the greatest common divisor of 256 and 10768.
16
What is the highest common factor of 1261041 and 267?
267
What is the highest common divisor of 5891284 and 28?
28
Calculate the highest common factor of 30 and 17274.
6
What is the highest common divisor of 207115 and 3680?
115
What is the greatest common factor of 116 and 8729?
29
What is the greatest common divisor of 266 and 1205778?
266
What is the highest common divisor of 90 and 16641?
9
What is the highest common divisor of 799 and 221?
17
Calculate the highest common factor of 2698 and 684.
38
Calculate the greatest common divisor of 5361271 and 89.
89
What is the highest common factor of 2070 and 954?
18
What is the highest common factor of 1283363 and 251?
251
Calculate the greatest common factor of 3627 and 86769.
279
What is the greatest common divisor of 153600 and 225?
75
Calculate the greatest common divisor of 4095 and 1071.
63
What is the greatest common divisor of 1144 and 1339?
13
Calculate the greatest common factor of 1474 and 6226.
22
Calculate the highest common divisor of 99703 and 2327.
179
Calculate the highest common factor of 7372 and 5238.
194
Calculate the greatest common divisor of 889 and 10922.
127
What is the greatest common factor of 3605 and 151795?
35
What is the highest common factor of 258587 and 212?
53
Calculate the greatest common factor of 8317358 and 98.
98
Calculate the highest common factor of 1071 and 561918.
357
Calculate the greatest common divisor of 185909 and 12213.
1357
What is the highest common divisor of 2680 and 4565380?
1340
What is the highest common factor of 88 and 29096?
8
What is the greatest common divisor of 890 and 20?
10
Calculate the highest common divisor of 22506 and 310.
62
Calculate the greatest common divisor of 888 and 265416.
24
Calculate the highest common factor of 1030 and 102485.
515
Calculate the greatest common factor of 959975 and 247.
19
What is the greatest common factor of 218 and 1270613?
109
What is the greatest common divisor of 8903909 and 7?
7
Calculate the highest common divisor of 6201 and 91.
13
What is the highest common factor of 75150 and 82?
2
What is the highest common factor of 398570 and 10?
10
Calculate the highest common factor of 1680244 and 370.
74
Calculate the greatest common divisor of 7 and 12297187.
7
What is the highest common divisor of 121 and 107?
1
What is the highest common divisor of 11565 and 1035?
45
Calculate the highest common factor of 5090889 and 69.
69
What is the highest common factor of 1899 and 9612?
9
Calculate the greatest common factor of 260 and 2665.
65
Calculate the highest common divisor of 1352 and 224263.
169
Calculate the greatest common divisor of 10248 and 336.
168
Calculate the highest common factor of 184 and 644.
92
Calculate the highest common divisor of 128125 and 41.
41
Calculate the highest common factor of 36 and 299976.
12
What is the greatest common divisor of 40 and 2256490?
10
What is the highest common divisor of 32 and 31776?
32
What is the greatest common factor of 1160923 and 2949?
983
Calculate the highest common divisor of 10 and 3425.
5
Calculate the greatest common factor of 150 and 46590.
30
What is the greatest common divisor of 210663 and 4361?
89
Calculate the highest common divisor of 995 and 5361060.
995
Calculate the highest common factor of 19057 and 57.
19
What is the highest common factor of 24 and 3016488?
24
Calculate the highest common factor of 212136 and 120.
24
Calculate the greatest common factor of 17708 and 4864.
76
Calculate the highest common divisor of 225711 and 31.
31
What is the greatest common divisor of 717141 and 261?
87
Calculate the greatest common factor of 68119 and 34.
17
Calculate the highest common divisor of 120 and 10840.
40
Calculate the highest common divisor of 331846 and 1662.
554
Calculate the greatest common divisor of 15745 and 68675.
335
What is the greatest common divisor of 10 and 74436?
2
What is the highest common divisor of 1296 and 23952?
48
Calculate the highest common divisor of 3468 and 60276.
12
What is the highest common factor of 930 and 25875?
15
What is the greatest common divisor of 1577 and 4732577?
1577
Calculate the greatest common factor of 104274 and 378.
54
What is the greatest common factor of 657 and 188121?
219
Calculate the greatest common factor of 34280 and 30.
10
What is the highest common divisor of 47392 and 3296?
32
What is the greatest common divisor of 575 and 238800?
25
Calculate the greatest common factor of 242 and 45331.
11
What is the highest common divisor of 84805 and 35?
35
Calculate the highest common divisor of 8856 and 231.
3
What is the greatest common divisor of 902 and 410?
82
What is the greatest common divisor of 9 and 1448?
1
What is the greatest common divisor of 43871 and 76?
19
What is the highest common divisor of 4554 and 782?
46
What is the greatest common divisor of 172 and 65446?
86
Calculate the highest common factor of 80 and 54224.
16
What is the greatest common factor of 20 and 38045?
5
Calculate the highest common divisor of 13604 and 2812.
76
What is the highest common divisor of 54813 and 165?
33
What is the highest common factor of 689051 and 814?
407
What is the highest common divisor of 32562 and 486?
486
Calculate the highest common divisor of 987294 and 198.
66
What is the highest common divisor of 2715 and 16545?
15
Calculate the greatest common divisor of 147497 and 21.
7
Calculate the highest common factor of 156 and 19.
1
What is the greatest common factor of 1584 and 88506?
198
Calculate the greatest common factor of 203711 and 782.
391
What is the highest common factor of 46782 and 897?
69
What is the highest common factor of 130743 and 117?
9
What is the highest common factor of 6083 and 720401?
869
Calculate the greatest common factor of 319 and 14181.
29
Calculate the greatest common factor of 470031 and 24.
3
What is the greatest common factor of 1416662 and 2116?
1058
What is the highest common divisor of 232 and 67976?
232
Calculate the greatest common divisor of 14577 and 5085.
339
Calculate the greatest common factor of 38951 and 44.
11
What is the highest common factor of 50 and 1316950?
50
Calculate the highest common divisor of 1430 and 19690.
110
Calculate the highest common divisor of 44233 and 8722.
623
What is the highest common factor of 2150 and 6400?
50
Calculate the highest common divisor of 27761 and 85.
17
What is the greatest common factor of 5121 and 261?
9
Calculate the greatest common divisor of 42 and 111482.
14
What is 